{"id":16,"date":"2024-04-27T10:23:56","date_gmt":"2024-04-27T08:23:56","guid":{"rendered":"https:\/\/aeroclubmirandais.fr\/?page_id=16"},"modified":"2024-05-01T17:54:42","modified_gmt":"2024-05-01T15:54:42","slug":"nous-contacter","status":"publish","type":"page","link":"https:\/\/aeroclubmirandais.fr\/index.php\/nous-contacter\/","title":{"rendered":"Nous contacter"},"content":{"rendered":"\n<div class=\"wp-block-columns is-layout-flex wp-container-core-columns-is-layout-9d6595d7 wp-block-columns-is-layout-flex\">\n<div class=\"wp-block-column is-layout-constrained wp-block-column-is-layout-constrained\" style=\"flex-basis:100%\">\n<div class=\"wp-block-columns is-layout-flex wp-container-core-columns-is-layout-9d6595d7 wp-block-columns-is-layout-flex\">\n<div class=\"wp-block-column is-layout-flow wp-block-column-is-layout-flow\" style=\"flex-basis:100%\">\n<div class=\"wp-block-group is-nowrap is-layout-flex wp-container-core-group-is-layout-ad2f72ca wp-block-group-is-layout-flex\">\n<iframe src=\"https:\/\/www.google.com\/maps\/embed?pb=!1m18!1m12!1m3!1d2895.455740332564!2d0.39084872603061854!3d43.47195862111121!2m3!1f0!2f0!3f0!3m2!1i1024!2i768!4f13.1!3m3!1m2!1s0x12a9bd318d1bcda1%3A0x652101fd00c52f86!2sA%C3%A9roclub%20Mirandais!5e0!3m2!1sfr!2sfr!4v1714337534879!5m2!1sfr!2sfr\" width=\"600\" height=\"450\" style=\"border:0;\" allowfullscreen=\"\" loading=\"lazy\" referrerpolicy=\"no-referrer-when-downgrade\"><\/iframe>\n<\/div>\n<\/div>\n<\/div>\n<\/div>\n<\/div>\n\n\n\n<div class=\"wp-block-columns is-layout-flex wp-container-core-columns-is-layout-9d6595d7 wp-block-columns-is-layout-flex\">\n<div class=\"wp-block-column is-layout-flow wp-block-column-is-layout-flow\">\n<p style=\"padding-right:0;padding-left:0\">L&rsquo;a\u00e9roclub se situe sur l&rsquo;a\u00e9rodrome priv\u00e9 de Berdoues.<\/p>\n\n\n\n<p>Lieu-dit \u00ab\u00a0Les Mouli\u00e8s\u00a0\u00bb<\/p>\n\n\n\n<p>32300 Berdoues<\/p>\n\n\n\n<hr class=\"wp-block-separator has-alpha-channel-opacity is-style-wide\"\/>\n\n\n\n<p>Contactez-nous par t\u00e9l\u00e9phone au :<\/p>\n\n\n\n<ul class=\"wp-block-list\">\n<li>Henri (pr\u00e9sident) : 06 86 79 67 82<\/li>\n<\/ul>\n\n\n\n<ul class=\"wp-block-list\">\n<li>Marion (tr\u00e9sori\u00e8re) : 06 86 98 63 45<\/li>\n<\/ul>\n\n\n\n<hr class=\"wp-block-separator has-alpha-channel-opacity is-style-wide\"\/>\n\n\n\n<p>ou par mail \u00e0 l&rsquo;adresse contact[@]aeroclubmirandais.fr<\/p>\n\n\n\n<hr class=\"wp-block-separator has-alpha-channel-opacity is-style-wide\"\/>\n<\/div>\n<\/div>\n","protected":false},"excerpt":{"rendered":"<p>L&rsquo;a\u00e9roclub se situe sur l&rsquo;a\u00e9rodrome priv\u00e9 de Berdoues. Lieu-dit \u00ab\u00a0Les Mouli\u00e8s\u00a0\u00bb 32300 Berdoues Contactez-nous par t\u00e9l\u00e9phone au : ou par mail \u00e0 l&rsquo;adresse contact[@]aeroclubmirandais.fr<\/p>\n","protected":false},"author":1,"featured_media":0,"parent":0,"menu_order":0,"comment_status":"closed","ping_status":"closed","template":"","meta":{"footnotes":""},"class_list":["post-16","page","type-page","status-publish","hentry"],"_links":{"self":[{"href":"https:\/\/aeroclubmirandais.fr\/index.php\/wp-json\/wp\/v2\/pages\/16","targetHints":{"allow":["GET"]}}],"collection":[{"href":"https:\/\/aeroclubmirandais.fr\/index.php\/wp-json\/wp\/v2\/pages"}],"about":[{"href":"https:\/\/aeroclubmirandais.fr\/index.php\/wp-json\/wp\/v2\/types\/page"}],"author":[{"embeddable":true,"href":"https:\/\/aeroclubmirandais.fr\/index.php\/wp-json\/wp\/v2\/users\/1"}],"replies":[{"embeddable":true,"href":"https:\/\/aeroclubmirandais.fr\/index.php\/wp-json\/wp\/v2\/comments?post=16"}],"version-history":[{"count":17,"href":"https:\/\/aeroclubmirandais.fr\/index.php\/wp-json\/wp\/v2\/pages\/16\/revisions"}],"predecessor-version":[{"id":240,"href":"https:\/\/aeroclubmirandais.fr\/index.php\/wp-json\/wp\/v2\/pages\/16\/revisions\/240"}],"wp:attachment":[{"href":"https:\/\/aeroclubmirandais.fr\/index.php\/wp-json\/wp\/v2\/media?parent=16"}],"curies":[{"name":"wp","href":"https:\/\/api.w.org\/{rel}","templated":true}]}}