{"id":90,"date":"2024-04-30T22:27:58","date_gmt":"2024-04-30T20:27:58","guid":{"rendered":"https:\/\/aeroclubmirandais.fr\/?page_id=90"},"modified":"2024-05-05T00:58:39","modified_gmt":"2024-05-04T22:58:39","slug":"les-infrastructures","status":"publish","type":"page","link":"https:\/\/aeroclubmirandais.fr\/index.php\/laeroclub\/les-infrastructures\/","title":{"rendered":"Les infrastructures"},"content":{"rendered":"\t\t<div data-elementor-type=\"wp-page\" data-elementor-id=\"90\" class=\"elementor elementor-90\">\n\t\t\t\t<div class=\"elementor-element elementor-element-42c4f7f e-flex e-con-boxed e-con e-parent\" data-id=\"42c4f7f\" data-element_type=\"container\">\n\t\t\t\t\t<div class=\"e-con-inner\">\n\t\t\t\t<div class=\"elementor-element elementor-element-de6fab3 elementor-widget-divider--view-line_text elementor-widget-divider--element-align-center elementor-widget elementor-widget-divider\" data-id=\"de6fab3\" data-element_type=\"widget\" data-widget_type=\"divider.default\">\n\t\t\t\t<div class=\"elementor-widget-container\">\n\t\t\t<style>\/*! elementor - v3.21.0 - 30-04-2024 *\/\n.elementor-widget-divider{--divider-border-style:none;--divider-border-width:1px;--divider-color:#0c0d0e;--divider-icon-size:20px;--divider-element-spacing:10px;--divider-pattern-height:24px;--divider-pattern-size:20px;--divider-pattern-url:none;--divider-pattern-repeat:repeat-x}.elementor-widget-divider .elementor-divider{display:flex}.elementor-widget-divider .elementor-divider__text{font-size:15px;line-height:1;max-width:95%}.elementor-widget-divider .elementor-divider__element{margin:0 var(--divider-element-spacing);flex-shrink:0}.elementor-widget-divider .elementor-icon{font-size:var(--divider-icon-size)}.elementor-widget-divider .elementor-divider-separator{display:flex;margin:0;direction:ltr}.elementor-widget-divider--view-line_icon .elementor-divider-separator,.elementor-widget-divider--view-line_text .elementor-divider-separator{align-items:center}.elementor-widget-divider--view-line_icon .elementor-divider-separator:after,.elementor-widget-divider--view-line_icon .elementor-divider-separator:before,.elementor-widget-divider--view-line_text .elementor-divider-separator:after,.elementor-widget-divider--view-line_text .elementor-divider-separator:before{display:block;content:\"\";border-block-end:0;flex-grow:1;border-block-start:var(--divider-border-width) var(--divider-border-style) var(--divider-color)}.elementor-widget-divider--element-align-left .elementor-divider .elementor-divider-separator>.elementor-divider__svg:first-of-type{flex-grow:0;flex-shrink:100}.elementor-widget-divider--element-align-left .elementor-divider-separator:before{content:none}.elementor-widget-divider--element-align-left .elementor-divider__element{margin-left:0}.elementor-widget-divider--element-align-right .elementor-divider .elementor-divider-separator>.elementor-divider__svg:last-of-type{flex-grow:0;flex-shrink:100}.elementor-widget-divider--element-align-right .elementor-divider-separator:after{content:none}.elementor-widget-divider--element-align-right .elementor-divider__element{margin-right:0}.elementor-widget-divider--element-align-start .elementor-divider .elementor-divider-separator>.elementor-divider__svg:first-of-type{flex-grow:0;flex-shrink:100}.elementor-widget-divider--element-align-start .elementor-divider-separator:before{content:none}.elementor-widget-divider--element-align-start .elementor-divider__element{margin-inline-start:0}.elementor-widget-divider--element-align-end .elementor-divider .elementor-divider-separator>.elementor-divider__svg:last-of-type{flex-grow:0;flex-shrink:100}.elementor-widget-divider--element-align-end .elementor-divider-separator:after{content:none}.elementor-widget-divider--element-align-end .elementor-divider__element{margin-inline-end:0}.elementor-widget-divider:not(.elementor-widget-divider--view-line_text):not(.elementor-widget-divider--view-line_icon) .elementor-divider-separator{border-block-start:var(--divider-border-width) var(--divider-border-style) var(--divider-color)}.elementor-widget-divider--separator-type-pattern{--divider-border-style:none}.elementor-widget-divider--separator-type-pattern.elementor-widget-divider--view-line .elementor-divider-separator,.elementor-widget-divider--separator-type-pattern:not(.elementor-widget-divider--view-line) .elementor-divider-separator:after,.elementor-widget-divider--separator-type-pattern:not(.elementor-widget-divider--view-line) .elementor-divider-separator:before,.elementor-widget-divider--separator-type-pattern:not([class*=elementor-widget-divider--view]) .elementor-divider-separator{width:100%;min-height:var(--divider-pattern-height);-webkit-mask-size:var(--divider-pattern-size) 100%;mask-size:var(--divider-pattern-size) 100%;-webkit-mask-repeat:var(--divider-pattern-repeat);mask-repeat:var(--divider-pattern-repeat);background-color:var(--divider-color);-webkit-mask-image:var(--divider-pattern-url);mask-image:var(--divider-pattern-url)}.elementor-widget-divider--no-spacing{--divider-pattern-size:auto}.elementor-widget-divider--bg-round{--divider-pattern-repeat:round}.rtl .elementor-widget-divider .elementor-divider__text{direction:rtl}.e-con-inner>.elementor-widget-divider,.e-con>.elementor-widget-divider{width:var(--container-widget-width,100%);--flex-grow:var(--container-widget-flex-grow)}<\/style>\t\t<div class=\"elementor-divider\">\n\t\t\t<span class=\"elementor-divider-separator\">\n\t\t\t\t\t\t\t<span class=\"elementor-divider__text elementor-divider__element\">\n\t\t\t\tLes Infrastructures\t\t\t\t<\/span>\n\t\t\t\t\t\t<\/span>\n\t\t<\/div>\n\t\t\t\t<\/div>\n\t\t\t\t<\/div>\n\t\t\t\t\t<\/div>\n\t\t\t\t<\/div>\n\t\t<div class=\"elementor-element elementor-element-2419938 e-flex e-con-boxed e-con e-parent\" data-id=\"2419938\" data-element_type=\"container\">\n\t\t\t\t\t<div class=\"e-con-inner\">\n\t\t<div class=\"elementor-element elementor-element-6ce652e e-con-full e-flex e-con e-child\" data-id=\"6ce652e\" data-element_type=\"container\">\n\t\t\t\t<div class=\"elementor-element elementor-element-6c8c27d elementor-widget elementor-widget-image\" data-id=\"6c8c27d\" data-element_type=\"widget\" data-widget_type=\"image.default\">\n\t\t\t\t<div class=\"elementor-widget-container\">\n\t\t\t<style>\/*! elementor - v3.21.0 - 30-04-2024 *\/\n.elementor-widget-image{text-align:center}.elementor-widget-image a{display:inline-block}.elementor-widget-image a img[src$=\".svg\"]{width:48px}.elementor-widget-image img{vertical-align:middle;display:inline-block}<\/style>\t\t\t\t\t\t\t\t\t\t<img fetchpriority=\"high\" decoding=\"async\" width=\"800\" height=\"524\" src=\"https:\/\/aeroclubmirandais.fr\/wp-content\/uploads\/2024\/05\/Vue-satellite-Berdoues-1-1024x671.jpg\" class=\"attachment-large size-large wp-image-324\" alt=\"vue satellite aeroclub mirandais\" srcset=\"https:\/\/aeroclubmirandais.fr\/wp-content\/uploads\/2024\/05\/Vue-satellite-Berdoues-1-1024x671.jpg 1024w, https:\/\/aeroclubmirandais.fr\/wp-content\/uploads\/2024\/05\/Vue-satellite-Berdoues-1-300x197.jpg 300w, https:\/\/aeroclubmirandais.fr\/wp-content\/uploads\/2024\/05\/Vue-satellite-Berdoues-1-768x503.jpg 768w, https:\/\/aeroclubmirandais.fr\/wp-content\/uploads\/2024\/05\/Vue-satellite-Berdoues-1.jpg 1149w\" sizes=\"(max-width: 800px) 100vw, 800px\" \/>\t\t\t\t\t\t\t\t\t\t\t\t\t<\/div>\n\t\t\t\t<\/div>\n\t\t\t\t<\/div>\n\t\t<div class=\"elementor-element elementor-element-9e9ef7a e-con-full e-flex e-con e-child\" data-id=\"9e9ef7a\" data-element_type=\"container\">\n\t\t\t\t<div class=\"elementor-element elementor-element-869baa5 elementor-widget elementor-widget-text-editor\" data-id=\"869baa5\" data-element_type=\"widget\" data-widget_type=\"text-editor.default\">\n\t\t\t\t<div class=\"elementor-widget-container\">\n\t\t\t<style>\/*! elementor - v3.21.0 - 30-04-2024 *\/\n.elementor-widget-text-editor.elementor-drop-cap-view-stacked .elementor-drop-cap{background-color:#69727d;color:#fff}.elementor-widget-text-editor.elementor-drop-cap-view-framed .elementor-drop-cap{color:#69727d;border:3px solid;background-color:transparent}.elementor-widget-text-editor:not(.elementor-drop-cap-view-default) .elementor-drop-cap{margin-top:8px}.elementor-widget-text-editor:not(.elementor-drop-cap-view-default) .elementor-drop-cap-letter{width:1em;height:1em}.elementor-widget-text-editor .elementor-drop-cap{float:left;text-align:center;line-height:1;font-size:50px}.elementor-widget-text-editor .elementor-drop-cap-letter{display:inline-block}<\/style>\t\t\t\t<p><strong>NOTE IMPORTANTE<\/strong><\/p>\t\t\t\t\t\t<\/div>\n\t\t\t\t<\/div>\n\t\t\t\t<div class=\"elementor-element elementor-element-b72d2e4 elementor-widget elementor-widget-text-editor\" data-id=\"b72d2e4\" data-element_type=\"widget\" data-widget_type=\"text-editor.default\">\n\t\t\t\t<div class=\"elementor-widget-container\">\n\t\t\t\t\t\t\t<p>Note importante : l&rsquo;a\u00e9rodrome de Berdoues n&rsquo;est pas un a\u00e9rodrome ouvert \u00e0 la circulation a\u00e9rienne publique.<\/p><p>Tout pilote souhaitant atterrir ou d\u00e9coller du terrain doit auparavant formuler une demande \u00e0 l&rsquo;exploitant de la piste (SCI la piste), qui d\u00e9clare en pr\u00e9fecture la liste des personnes autoris\u00e9es.<\/p><p>N&rsquo;h\u00e9sitez pas \u00e0 nous contacter si vous souhaitez nous rendre visite, nous nous ferons un plaisir de vous expliquer la marche \u00e0 suivre !<\/p>\t\t\t\t\t\t<\/div>\n\t\t\t\t<\/div>\n\t\t\t\t<\/div>\n\t\t\t\t\t<\/div>\n\t\t\t\t<\/div>\n\t\t<div class=\"elementor-element elementor-element-9be82a0 e-flex e-con-boxed e-con e-parent\" data-id=\"9be82a0\" data-element_type=\"container\">\n\t\t\t\t\t<div class=\"e-con-inner\">\n\t\t<div class=\"elementor-element elementor-element-0a863a9 e-con-full e-flex e-con e-child\" data-id=\"0a863a9\" data-element_type=\"container\">\n\t\t\t\t<div class=\"elementor-element elementor-element-4428c10 elementor-widget elementor-widget-text-editor\" data-id=\"4428c10\" data-element_type=\"widget\" data-widget_type=\"text-editor.default\">\n\t\t\t\t<div class=\"elementor-widget-container\">\n\t\t\t\t\t\t\t<p><strong>LA PISTE<\/strong><\/p>\t\t\t\t\t\t<\/div>\n\t\t\t\t<\/div>\n\t\t\t\t<div class=\"elementor-element elementor-element-d8675d1 elementor-widget elementor-widget-text-editor\" data-id=\"d8675d1\" data-element_type=\"widget\" data-widget_type=\"text-editor.default\">\n\t\t\t\t<div class=\"elementor-widget-container\">\n\t\t\t\t\t\t\t<p>Dot\u00e9 d&rsquo;une piste en bitume d&rsquo;une longueur de 750m et d&rsquo;une largeur de 18m, l&rsquo;a\u00e9rodrome vous permettra de d\u00e9coller et atterrir m\u00eame lorsque la pluie d\u00e9trempe les pistes en herbe.<\/p>\t\t\t\t\t\t<\/div>\n\t\t\t\t<\/div>\n\t\t\t\t<\/div>\n\t\t<div class=\"elementor-element elementor-element-7bb6f7d e-con-full e-flex e-con e-child\" data-id=\"7bb6f7d\" data-element_type=\"container\">\n\t\t\t\t<div class=\"elementor-element elementor-element-74ba290 elementor-widget elementor-widget-image\" data-id=\"74ba290\" data-element_type=\"widget\" data-widget_type=\"image.default\">\n\t\t\t\t<div class=\"elementor-widget-container\">\n\t\t\t\t\t\t\t\t\t\t\t\t\t<img decoding=\"async\" width=\"800\" height=\"446\" src=\"https:\/\/aeroclubmirandais.fr\/wp-content\/uploads\/2024\/04\/Piste-Berdoues-1024x571.jpg\" class=\"attachment-large size-large wp-image-79\" alt=\"Piste Berdoues\" srcset=\"https:\/\/aeroclubmirandais.fr\/wp-content\/uploads\/2024\/04\/Piste-Berdoues-1024x571.jpg 1024w, https:\/\/aeroclubmirandais.fr\/wp-content\/uploads\/2024\/04\/Piste-Berdoues-300x167.jpg 300w, https:\/\/aeroclubmirandais.fr\/wp-content\/uploads\/2024\/04\/Piste-Berdoues-768x428.jpg 768w, https:\/\/aeroclubmirandais.fr\/wp-content\/uploads\/2024\/04\/Piste-Berdoues.jpg 1129w\" sizes=\"(max-width: 800px) 100vw, 800px\" \/>\t\t\t\t\t\t\t\t\t\t\t\t\t<\/div>\n\t\t\t\t<\/div>\n\t\t\t\t<\/div>\n\t\t\t\t\t<\/div>\n\t\t\t\t<\/div>\n\t\t<div class=\"elementor-element elementor-element-fb60aa8 e-flex e-con-boxed e-con e-parent\" data-id=\"fb60aa8\" data-element_type=\"container\">\n\t\t\t\t\t<div class=\"e-con-inner\">\n\t\t<div class=\"elementor-element elementor-element-0c4fb2e e-con-full e-flex e-con e-child\" data-id=\"0c4fb2e\" data-element_type=\"container\">\n\t\t\t\t<div class=\"elementor-element elementor-element-7123ca3 elementor-widget elementor-widget-image\" data-id=\"7123ca3\" data-element_type=\"widget\" data-widget_type=\"image.default\">\n\t\t\t\t<div class=\"elementor-widget-container\">\n\t\t\t\t\t\t\t\t\t\t\t\t\t<img decoding=\"async\" src=\"https:\/\/aeroclubmirandais.fr\/wp-content\/plugins\/elementor\/assets\/images\/placeholder.png\" title=\"\" alt=\"\" loading=\"lazy\" \/>\t\t\t\t\t\t\t\t\t\t\t\t\t<\/div>\n\t\t\t\t<\/div>\n\t\t\t\t<\/div>\n\t\t<div class=\"elementor-element elementor-element-1021e7c e-con-full e-flex e-con e-child\" data-id=\"1021e7c\" data-element_type=\"container\">\n\t\t\t\t<div class=\"elementor-element elementor-element-6a8c639 elementor-widget elementor-widget-text-editor\" data-id=\"6a8c639\" data-element_type=\"widget\" data-widget_type=\"text-editor.default\">\n\t\t\t\t<div class=\"elementor-widget-container\">\n\t\t\t\t\t\t\t<p><strong>LE HANGAR<\/strong><\/p>\t\t\t\t\t\t<\/div>\n\t\t\t\t<\/div>\n\t\t\t\t<div class=\"elementor-element elementor-element-c30b581 elementor-widget elementor-widget-text-editor\" data-id=\"c30b581\" data-element_type=\"widget\" data-widget_type=\"text-editor.default\">\n\t\t\t\t<div class=\"elementor-widget-container\">\n\t\t\t\t\t\t\t<p>Pouvant accueillir confortablement plusieurs avions, le hangar mis \u00e0 disposition pour le club prot\u00e8ge nos avions des intemp\u00e9ries et de la chaleur<\/p>\t\t\t\t\t\t<\/div>\n\t\t\t\t<\/div>\n\t\t\t\t<\/div>\n\t\t\t\t\t<\/div>\n\t\t\t\t<\/div>\n\t\t<div class=\"elementor-element elementor-element-0ae5ad4 e-flex e-con-boxed e-con e-parent\" data-id=\"0ae5ad4\" data-element_type=\"container\">\n\t\t\t\t\t<div class=\"e-con-inner\">\n\t\t<div class=\"elementor-element elementor-element-ee929a1 e-con-full e-flex e-con e-child\" data-id=\"ee929a1\" data-element_type=\"container\">\n\t\t\t\t<div class=\"elementor-element elementor-element-6e2b8f5 elementor-widget elementor-widget-text-editor\" data-id=\"6e2b8f5\" data-element_type=\"widget\" data-widget_type=\"text-editor.default\">\n\t\t\t\t<div class=\"elementor-widget-container\">\n\t\t\t\t\t\t\t<p><strong>LE CLUB-HOUSE<\/strong><\/p>\t\t\t\t\t\t<\/div>\n\t\t\t\t<\/div>\n\t\t\t\t<div class=\"elementor-element elementor-element-10f256a elementor-widget elementor-widget-text-editor\" data-id=\"10f256a\" data-element_type=\"widget\" data-widget_type=\"text-editor.default\">\n\t\t\t\t<div class=\"elementor-widget-container\">\n\t\t\t\t\t\t\t<p>Install\u00e9 dans un restaurant (non exploit\u00e9), le club-house permet de s&rsquo;installer confortablement le temps d&rsquo;un briefing, debriefing, ou pour toute discussion de comptoir entre passionn\u00e9s et curieux.<\/p>\t\t\t\t\t\t<\/div>\n\t\t\t\t<\/div>\n\t\t\t\t<\/div>\n\t\t<div class=\"elementor-element elementor-element-ea6f721 e-con-full e-flex e-con e-child\" data-id=\"ea6f721\" data-element_type=\"container\">\n\t\t\t\t<div class=\"elementor-element elementor-element-22e6851 elementor-widget elementor-widget-image\" data-id=\"22e6851\" data-element_type=\"widget\" data-widget_type=\"image.default\">\n\t\t\t\t<div class=\"elementor-widget-container\">\n\t\t\t\t\t\t\t\t\t\t\t\t\t<img decoding=\"async\" src=\"https:\/\/aeroclubmirandais.fr\/wp-content\/plugins\/elementor\/assets\/images\/placeholder.png\" title=\"\" alt=\"\" loading=\"lazy\" \/>\t\t\t\t\t\t\t\t\t\t\t\t\t<\/div>\n\t\t\t\t<\/div>\n\t\t\t\t<\/div>\n\t\t\t\t\t<\/div>\n\t\t\t\t<\/div>\n\t\t<div class=\"elementor-element elementor-element-3b9d82c e-flex e-con-boxed e-con e-parent\" data-id=\"3b9d82c\" data-element_type=\"container\">\n\t\t\t\t\t<div class=\"e-con-inner\">\n\t\t<div class=\"elementor-element elementor-element-15b4536 e-con-full e-flex e-con e-child\" data-id=\"15b4536\" data-element_type=\"container\">\n\t\t\t\t<div class=\"elementor-element elementor-element-2253d68 elementor-widget elementor-widget-image\" data-id=\"2253d68\" data-element_type=\"widget\" data-widget_type=\"image.default\">\n\t\t\t\t<div class=\"elementor-widget-container\">\n\t\t\t\t\t\t\t\t\t\t\t\t\t<img decoding=\"async\" width=\"800\" height=\"477\" src=\"https:\/\/aeroclubmirandais.fr\/wp-content\/uploads\/2024\/05\/Vue-aerienne-Berdoues-2-1024x610.jpg\" class=\"attachment-large size-large wp-image-229\" alt=\"\" srcset=\"https:\/\/aeroclubmirandais.fr\/wp-content\/uploads\/2024\/05\/Vue-aerienne-Berdoues-2-1024x610.jpg 1024w, https:\/\/aeroclubmirandais.fr\/wp-content\/uploads\/2024\/05\/Vue-aerienne-Berdoues-2-300x179.jpg 300w, https:\/\/aeroclubmirandais.fr\/wp-content\/uploads\/2024\/05\/Vue-aerienne-Berdoues-2-768x458.jpg 768w, https:\/\/aeroclubmirandais.fr\/wp-content\/uploads\/2024\/05\/Vue-aerienne-Berdoues-2.jpg 1134w\" sizes=\"(max-width: 800px) 100vw, 800px\" \/>\t\t\t\t\t\t\t\t\t\t\t\t\t<\/div>\n\t\t\t\t<\/div>\n\t\t\t\t<\/div>\n\t\t<div class=\"elementor-element elementor-element-9496f17 e-con-full e-flex e-con e-child\" data-id=\"9496f17\" data-element_type=\"container\">\n\t\t\t\t<div class=\"elementor-element elementor-element-fe1defa elementor-widget elementor-widget-text-editor\" data-id=\"fe1defa\" data-element_type=\"widget\" data-widget_type=\"text-editor.default\">\n\t\t\t\t<div class=\"elementor-widget-container\">\n\t\t\t\t\t\t\t<p><strong>LE VILLAGE AERONAUTIQUE<\/strong><\/p>\t\t\t\t\t\t<\/div>\n\t\t\t\t<\/div>\n\t\t\t\t<div class=\"elementor-element elementor-element-7a241b7 elementor-widget elementor-widget-text-editor\" data-id=\"7a241b7\" data-element_type=\"widget\" data-widget_type=\"text-editor.default\">\n\t\t\t\t<div class=\"elementor-widget-container\">\n\t\t\t\t\t\t\t<p>Cr\u00e9\u00e9 en 2000, le village a\u00e9ronautique regroupe une quinzaine de propri\u00e9taires ayant un acc\u00e8s direct \u00e0 la piste depuis chez eux.<\/p><p>Retrouvez plus d&rsquo;informations sur le country air parc sur le site\u00a0<a href=\"https:\/\/www.countryairparc.fr\/\">https:\/\/www.countryairparc.fr\/<\/a><\/p>\t\t\t\t\t\t<\/div>\n\t\t\t\t<\/div>\n\t\t\t\t<\/div>\n\t\t\t\t\t<\/div>\n\t\t\t\t<\/div>\n\t\t\t\t<\/div>\n\t\t","protected":false},"excerpt":{"rendered":"<p>Les Infrastructures NOTE IMPORTANTE Note importante : l&rsquo;a\u00e9rodrome de Berdoues n&rsquo;est pas un a\u00e9rodrome ouvert \u00e0 la circulation a\u00e9rienne publique. Tout pilote souhaitant atterrir ou d\u00e9coller du terrain doit auparavant formuler une demande \u00e0 l&rsquo;exploitant de la piste (SCI la piste), qui d\u00e9clare en pr\u00e9fecture la liste des personnes autoris\u00e9es. N&rsquo;h\u00e9sitez pas \u00e0 nous contacter [&hellip;]<\/p>\n","protected":false},"author":1,"featured_media":0,"parent":10,"menu_order":0,"comment_status":"closed","ping_status":"closed","template":"","meta":{"footnotes":""},"class_list":["post-90","page","type-page","status-publish","hentry"],"_links":{"self":[{"href":"https:\/\/aeroclubmirandais.fr\/index.php\/wp-json\/wp\/v2\/pages\/90","targetHints":{"allow":["GET"]}}],"collection":[{"href":"https:\/\/aeroclubmirandais.fr\/index.php\/wp-json\/wp\/v2\/pages"}],"about":[{"href":"https:\/\/aeroclubmirandais.fr\/index.php\/wp-json\/wp\/v2\/types\/page"}],"author":[{"embeddable":true,"href":"https:\/\/aeroclubmirandais.fr\/index.php\/wp-json\/wp\/v2\/users\/1"}],"replies":[{"embeddable":true,"href":"https:\/\/aeroclubmirandais.fr\/index.php\/wp-json\/wp\/v2\/comments?post=90"}],"version-history":[{"count":13,"href":"https:\/\/aeroclubmirandais.fr\/index.php\/wp-json\/wp\/v2\/pages\/90\/revisions"}],"predecessor-version":[{"id":328,"href":"https:\/\/aeroclubmirandais.fr\/index.php\/wp-json\/wp\/v2\/pages\/90\/revisions\/328"}],"up":[{"embeddable":true,"href":"https:\/\/aeroclubmirandais.fr\/index.php\/wp-json\/wp\/v2\/pages\/10"}],"wp:attachment":[{"href":"https:\/\/aeroclubmirandais.fr\/index.php\/wp-json\/wp\/v2\/media?parent=90"}],"curies":[{"name":"wp","href":"https:\/\/api.w.org\/{rel}","templated":true}]}}